{"id":20,"date":"2026-04-01T15:17:02","date_gmt":"2026-04-01T13:17:02","guid":{"rendered":"http:\/\/bcom.allysson.formation-drome.com\/?page_id=20"},"modified":"2026-04-01T15:31:24","modified_gmt":"2026-04-01T13:31:24","slug":"notre-histoire","status":"publish","type":"page","link":"https:\/\/bcom.allysson.formation-drome.com\/index.php\/notre-histoire\/","title":{"rendered":"Notre Histoire"},"content":{"rendered":"<div  class='flex_column av-1rgqk-0936f9e0cf3d16c1f6ac9287d2601af8 av_two_third  avia-builder-el-0  el_before_av_one_third  avia-builder-el-first  first flex_column_div  '     ><section  class='av_textblock_section av-mng2p1ac-0818d08bf9ee77abf1c011150359e141 '   itemscope=\"itemscope\" itemtype=\"https:\/\/schema.org\/CreativeWork\" ><div class='avia_textblock'  itemprop=\"text\" ><h3 data-section-id=\"u1v4hc\" data-start=\"113\" data-end=\"134\"><span role=\"text\"><strong data-start=\"116\" data-end=\"134\">Notre histoire<\/strong><\/span><\/h3>\n<p data-start=\"136\" data-end=\"221\">Chez <span style=\"color: #993300;\"><strong data-start=\"141\" data-end=\"151\">Aurora<\/strong><\/span>, tout a commenc\u00e9 par un moment magique\u2026 et une rencontre inoubliable.<\/p>\n<p data-start=\"223\" data-end=\"523\">C\u2019est au Canada, sous une aurore bor\u00e9ale aux lumi\u00e8res dansantes, qu\u2019Allysson, la fondatrice, a v\u00e9cu un instant qui a chang\u00e9 sa vie.<\/p>\n<p data-start=\"223\" data-end=\"523\">Ce soir-l\u00e0, au milieu du froid, du silence et de la beaut\u00e9 des paysages, elle a rencontr\u00e9 l\u2019amour\u2026 et bien plus encore : elle est tomb\u00e9e amoureuse du pays lui-m\u00eame.<\/p>\n<p data-start=\"525\" data-end=\"763\">Le Canada est vite devenu une \u00e9vidence. Ses grands espaces, sa nature sauvage, ses saisons uniques et ses rencontres sinc\u00e8res ont marqu\u00e9 Allysson profond\u00e9ment. Mais surtout, elle a compris une chose : ce pays ne se raconte pas, il se vit.<\/p>\n<p data-start=\"765\" data-end=\"985\">C\u2019est avec cette conviction qu\u2019est n\u00e9e Aurora. Une agence pas comme les autres, pens\u00e9e comme une invitation \u00e0 d\u00e9couvrir le Canada autrement : avec le c\u0153ur, avec authenticit\u00e9, et toujours dans le respect de la nature.<\/p>\n<p data-start=\"987\" data-end=\"1181\">Depuis, Aurora accompagne chaque voyageur comme un membre de la famille. Derri\u00e8re chaque s\u00e9jour, il y a une histoire, une \u00e9motion, une envie de partager ce que le Canada a de plus beau \u00e0 offrir.<\/p>\n<p data-start=\"1183\" data-end=\"1342\">Parce qu\u2019au fond, Aurora, ce n\u2019est pas seulement une agence de voyage\u2026<br data-start=\"1253\" data-end=\"1256\" \/>C\u2019est une histoire de passion, de rencontres\u2026 et de magie sous les aurores bor\u00e9ales.<\/p>\n<\/div><\/section><\/div><div  class='flex_column av-14dvg-fbfae654d5a136abeae7edd8632942f9 av_one_third  avia-builder-el-2  el_after_av_two_third  avia-builder-el-last  flex_column_div  '     ><style type=\"text\/css\" data-created_by=\"avia_inline_auto\" id=\"style-css-av-mng2uhul-271d671d960a3224330c4eea208d3080\">\n.avia-image-container.av-mng2uhul-271d671d960a3224330c4eea208d3080 img.avia_image{\nbox-shadow:none;\n}\n.avia-image-container.av-mng2uhul-271d671d960a3224330c4eea208d3080 .av-image-caption-overlay-center{\ncolor:#ffffff;\n}\n<\/style>\n<div  class='avia-image-container av-mng2uhul-271d671d960a3224330c4eea208d3080 av-styling- avia-align-center  avia-builder-el-3  avia-builder-el-no-sibling '   itemprop=\"image\" itemscope=\"itemscope\" itemtype=\"https:\/\/schema.org\/ImageObject\" ><div class=\"avia-image-container-inner\"><div class=\"avia-image-overlay-wrap\"><img decoding=\"async\" class='wp-image-478 avia-img-lazy-loading-not-478 avia_image ' src=\"https:\/\/bcom.allysson.formation-drome.com\/wp-content\/uploads\/2026\/04\/ChatGPT-Image-1-avr.-2026-15_23_32.png\" alt='' title='ChatGPT Image 1 avr. 2026, 15_23_32'  height=\"1024\" width=\"1024\"  itemprop=\"thumbnailUrl\" srcset=\"https:\/\/bcom.allysson.formation-drome.com\/wp-content\/uploads\/2026\/04\/ChatGPT-Image-1-avr.-2026-15_23_32.png 1024w, https:\/\/bcom.allysson.formation-drome.com\/wp-content\/uploads\/2026\/04\/ChatGPT-Image-1-avr.-2026-15_23_32-300x300.png 300w, https:\/\/bcom.allysson.formation-drome.com\/wp-content\/uploads\/2026\/04\/ChatGPT-Image-1-avr.-2026-15_23_32-80x80.png 80w, https:\/\/bcom.allysson.formation-drome.com\/wp-content\/uploads\/2026\/04\/ChatGPT-Image-1-avr.-2026-15_23_32-768x768.png 768w, https:\/\/bcom.allysson.formation-drome.com\/wp-content\/uploads\/2026\/04\/ChatGPT-Image-1-avr.-2026-15_23_32-36x36.png 36w, https:\/\/bcom.allysson.formation-drome.com\/wp-content\/uploads\/2026\/04\/ChatGPT-Image-1-avr.-2026-15_23_32-180x180.png 180w, https:\/\/bcom.allysson.formation-drome.com\/wp-content\/uploads\/2026\/04\/ChatGPT-Image-1-avr.-2026-15_23_32-705x705.png 705w\" sizes=\"(max-width: 1024px) 100vw, 1024px\" \/><\/div><\/div><\/div><\/div><\/p>\n","protected":false},"excerpt":{"rendered":"","protected":false},"author":1,"featured_media":0,"parent":0,"menu_order":0,"comment_status":"closed","ping_status":"closed","template":"","meta":{"footnotes":""},"class_list":["post-20","page","type-page","status-publish","hentry"],"yoast_head":"<!-- This site is optimized with the Yoast SEO plugin v27.2 - https:\/\/yoast.com\/product\/yoast-seo-wordpress\/ -->\n<title>Notre Histoire - Agence touristique Aurora<\/title>\n<meta name=\"robots\" content=\"noindex, follow, max-snippet:-1, max-image-preview:large, max-video-preview:-1\" \/>\n<meta property=\"og:locale\" content=\"fr_FR\" \/>\n<meta property=\"og:type\" content=\"article\" \/>\n<meta property=\"og:title\" content=\"Notre Histoire - Agence touristique Aurora\" \/>\n<meta property=\"og:url\" content=\"https:\/\/bcom.allysson.formation-drome.com\/index.php\/notre-histoire\/\" \/>\n<meta property=\"og:site_name\" content=\"Agence touristique Aurora\" \/>\n<meta property=\"article:modified_time\" content=\"2026-04-01T13:31:24+00:00\" \/>\n<meta name=\"twitter:card\" content=\"summary_large_image\" \/>\n<meta name=\"twitter:label1\" content=\"Dur\u00e9e de lecture estim\u00e9e\" \/>\n\t<meta name=\"twitter:data1\" content=\"2 minutes\" \/>\n<script type=\"application\/ld+json\" class=\"yoast-schema-graph\">{\"@context\":\"https:\/\/schema.org\",\"@graph\":[{\"@type\":\"WebPage\",\"@id\":\"https:\/\/bcom.allysson.formation-drome.com\/index.php\/notre-histoire\/\",\"url\":\"https:\/\/bcom.allysson.formation-drome.com\/index.php\/notre-histoire\/\",\"name\":\"Notre Histoire - Agence touristique Aurora\",\"isPartOf\":{\"@id\":\"https:\/\/bcom.allysson.formation-drome.com\/#website\"},\"datePublished\":\"2026-04-01T13:17:02+00:00\",\"dateModified\":\"2026-04-01T13:31:24+00:00\",\"breadcrumb\":{\"@id\":\"https:\/\/bcom.allysson.formation-drome.com\/index.php\/notre-histoire\/#breadcrumb\"},\"inLanguage\":\"fr-FR\",\"potentialAction\":[{\"@type\":\"ReadAction\",\"target\":[\"https:\/\/bcom.allysson.formation-drome.com\/index.php\/notre-histoire\/\"]}]},{\"@type\":\"BreadcrumbList\",\"@id\":\"https:\/\/bcom.allysson.formation-drome.com\/index.php\/notre-histoire\/#breadcrumb\",\"itemListElement\":[{\"@type\":\"ListItem\",\"position\":1,\"name\":\"Accueil\",\"item\":\"https:\/\/bcom.allysson.formation-drome.com\/\"},{\"@type\":\"ListItem\",\"position\":2,\"name\":\"Notre Histoire\"}]},{\"@type\":\"WebSite\",\"@id\":\"https:\/\/bcom.allysson.formation-drome.com\/#website\",\"url\":\"https:\/\/bcom.allysson.formation-drome.com\/\",\"name\":\"Agence touristique Aurora\",\"description\":\"Le Canada en toutes saisons\",\"potentialAction\":[{\"@type\":\"SearchAction\",\"target\":{\"@type\":\"EntryPoint\",\"urlTemplate\":\"https:\/\/bcom.allysson.formation-drome.com\/?s={search_term_string}\"},\"query-input\":{\"@type\":\"PropertyValueSpecification\",\"valueRequired\":true,\"valueName\":\"search_term_string\"}}],\"inLanguage\":\"fr-FR\"}]}<\/script>\n<!-- \/ Yoast SEO plugin. -->","yoast_head_json":{"title":"Notre Histoire - Agence touristique Aurora","robots":{"index":"noindex","follow":"follow","max-snippet":"max-snippet:-1","max-image-preview":"max-image-preview:large","max-video-preview":"max-video-preview:-1"},"og_locale":"fr_FR","og_type":"article","og_title":"Notre Histoire - Agence touristique Aurora","og_url":"https:\/\/bcom.allysson.formation-drome.com\/index.php\/notre-histoire\/","og_site_name":"Agence touristique Aurora","article_modified_time":"2026-04-01T13:31:24+00:00","twitter_card":"summary_large_image","twitter_misc":{"Dur\u00e9e de lecture estim\u00e9e":"2 minutes"},"schema":{"@context":"https:\/\/schema.org","@graph":[{"@type":"WebPage","@id":"https:\/\/bcom.allysson.formation-drome.com\/index.php\/notre-histoire\/","url":"https:\/\/bcom.allysson.formation-drome.com\/index.php\/notre-histoire\/","name":"Notre Histoire - Agence touristique Aurora","isPartOf":{"@id":"https:\/\/bcom.allysson.formation-drome.com\/#website"},"datePublished":"2026-04-01T13:17:02+00:00","dateModified":"2026-04-01T13:31:24+00:00","breadcrumb":{"@id":"https:\/\/bcom.allysson.formation-drome.com\/index.php\/notre-histoire\/#breadcrumb"},"inLanguage":"fr-FR","potentialAction":[{"@type":"ReadAction","target":["https:\/\/bcom.allysson.formation-drome.com\/index.php\/notre-histoire\/"]}]},{"@type":"BreadcrumbList","@id":"https:\/\/bcom.allysson.formation-drome.com\/index.php\/notre-histoire\/#breadcrumb","itemListElement":[{"@type":"ListItem","position":1,"name":"Accueil","item":"https:\/\/bcom.allysson.formation-drome.com\/"},{"@type":"ListItem","position":2,"name":"Notre Histoire"}]},{"@type":"WebSite","@id":"https:\/\/bcom.allysson.formation-drome.com\/#website","url":"https:\/\/bcom.allysson.formation-drome.com\/","name":"Agence touristique Aurora","description":"Le Canada en toutes saisons","potentialAction":[{"@type":"SearchAction","target":{"@type":"EntryPoint","urlTemplate":"https:\/\/bcom.allysson.formation-drome.com\/?s={search_term_string}"},"query-input":{"@type":"PropertyValueSpecification","valueRequired":true,"valueName":"search_term_string"}}],"inLanguage":"fr-FR"}]}},"_links":{"self":[{"href":"https:\/\/bcom.allysson.formation-drome.com\/index.php\/wp-json\/wp\/v2\/pages\/20","targetHints":{"allow":["GET"]}}],"collection":[{"href":"https:\/\/bcom.allysson.formation-drome.com\/index.php\/wp-json\/wp\/v2\/pages"}],"about":[{"href":"https:\/\/bcom.allysson.formation-drome.com\/index.php\/wp-json\/wp\/v2\/types\/page"}],"author":[{"embeddable":true,"href":"https:\/\/bcom.allysson.formation-drome.com\/index.php\/wp-json\/wp\/v2\/users\/1"}],"replies":[{"embeddable":true,"href":"https:\/\/bcom.allysson.formation-drome.com\/index.php\/wp-json\/wp\/v2\/comments?post=20"}],"version-history":[{"count":4,"href":"https:\/\/bcom.allysson.formation-drome.com\/index.php\/wp-json\/wp\/v2\/pages\/20\/revisions"}],"predecessor-version":[{"id":477,"href":"https:\/\/bcom.allysson.formation-drome.com\/index.php\/wp-json\/wp\/v2\/pages\/20\/revisions\/477"}],"wp:attachment":[{"href":"https:\/\/bcom.allysson.formation-drome.com\/index.php\/wp-json\/wp\/v2\/media?parent=20"}],"curies":[{"name":"wp","href":"https:\/\/api.w.org\/{rel}","templated":true}]}}